 o + 4. Determine d(3).
-53
Let t(l) = 3*l - 19. Determine t(9).
8
Let t(l) = 3*l - 24. Give t(8).
0
Let d(f) = -f**3 + 7*f**2 + 16*f + 5. What is d(9)?
-13
Let q(s) = s**2 - 2*s - 17. Give q(-3).
-2
Let h(a) = 2*a + 59. Calculate h(-14).
31
Let k(y) = -y**2 - 6*y - 3. Calculate k(-4).
5
Let q(p) = p**3 + 12*p**2 + 24*p + 3. Calculate q(-2).
-5
Let g(i) = i**3 + 5*i**2 + 5*i - 2. What is g(-3)?
1
Let u(b) = b**2 - 3*b - 15. Calculate u(7).
13
Let r(y) = y**3 + 8*y**2 + 4*y + 3. What is r(-7)?
24
Let b(g) = -g**2 - 11. What is b(-5)?
-36
Let g(n) = -n**3 - 4*n**2 + 7*n + 8. Calculate g(-6).
38
Let p(q) = -q**2 + 12*q - 2. Calculate p(12).
-2
Let s(a) = a**3 - 7*a**2 - 7*a - 2. Calculate s(8).
6
Let k(x) = -20*x**3 + x**2 + 2*x + 1. Calculate k(-1).
20
Let f(g) = g**2 - 8*g - 27. Give f(10).
-7
Let y(w) = -5*w**3 - 2*w**2 - 6*w - 1. Give y(-3).
134
Let j(f) = -113*f - 1134. Determine j(-10).
-4
Let o(t) = t**3 + 49*t**2 + 49*t + 57. Give o(-48).
9
Let p(j) = -j**2 + 9*j + 54. Determine p(-4).
2
Let z(a) = a**2 - 28*a + 160. Give z(8).
0
Let j(x) = 2*x**2 - x + 2. Determine j(-4).
38
Let a(m) = -m**2 + m + 16. Calculate a(0).
16
Let w(i) = 7*i + 83. Give w(-13).
-8
Let n(s) = -s**3 - 2*s - 2. Calculate n(0).
-2
Let k(o) = -o**2 + 61*o - 877. Calculate k(23).
-3
Let w(o) = o**3 - 23*o**2 - 5*o + 119. Give w(23).
4
Let d(n) = n + 18. Give d(-26).
-8
Let s(m) = m**2 - 2*m - 1. Determine s(2).
-1
Let p(u) = u - 39. Calculate p(6).
-33
Let w(m) = -2*m**3 + 39*m**2 - 20*m + 17. Give w(19).
-2
Let d(p) = -2*p**3 - 6*p**2 - 6*p - 17. What is d(-4)?
39
Let d(x) = x**2 - 7*x + 9. What is d(7)?
9
Let w(n) = -n**2 + 13*n - 33. Calculate w(7).
9
Let h(t) = -t**2 - 10*t + 35. Give h(-13).
-4
Let t(q) = -q**3 - 9*q**2 - 17*q - 27. Calculate t(-7).
-6
Let o(t) = -6*t - 3. Determine o(3).
-21
Let t(d) = -d**2 - 4*d - 1. Calculate t(-4).
-1
Let g(b) = 5*b - 18. Calculate g(6).
12
Let q(z) = -3*z - 1. Calculate q(-4).
11
Let x(s) = -4*s**2 - 4*s - 17. Determine x(-5).
-97
Let z(w) = w**3 + 5*w**2 - 7. Determine z(-3).
11
Let h(c) = -3*c + 15. Calculate h(10).
-15
Let y(i) = 2*i**2 + 22*i + 10. Give y(-10).
-10
Let m(i) = -i**3 - 5*i**2 - 2*i - 2. What is m(-4)?
-10
Let w(c) = -c**2 - 12*c - 17. What is w(-9)?
10
Let p(w) = w**2 - 19*w + 3. What is p(22)?
69
Let b(t) = -7*t + 6. Calculate b(0).
6
Let t(f) = f**3 - 3*f**2 - 4*f + 14. Give t(0).
14
Let p(g) = -g**2 + 7*g + 60. Determine p(0).
60
Let l(k) = -k**2 + 8*k + 11. Calculate l(9).
2
Let g(j) = 2*j**2 - 4*j - 5. Determine g(-2).
11
Let r(k) = 22*k**3 - 2*k**2 - 2*k - 1. What is r(-1)?
-23
Let r(j) = -j**3 - 42*j**2 - 45*j - 165. Determine r(-41).
-1
Let k(o) = -11*o - 126. Give k(-11).
-5
Let v(m) = 5*m**2 - 24*m + 13. Determine v(4).
-3
Let p(c) = -c**3 + 6*c**2 - 9*c + 20. Calculate p(5).
0
Let m(f) = -12*f + 32. Give m(3).
-4
Let u(w) = w**2 + 3*w + 3. What is u(-3)?
3
Let d(s) = 2*s + 39. What is d(-11)?
17
Let n(l) = l**3 - 5*l**2 - 13*l + 37. Calculate n(6).
-5
Let p(c) = -c**3 - 2*c - 42. Give p(0).
-42
Let m(n) = 7*n + 2. Give m(3).
23
Let h(u) = -3*u**3 - 5*u**2 - 4*u - 12. Determine h(-4).
116
Let h(u) = -9*u + 4. Give h(3).
-23
Let n(i) = i**2 + 15*i + 5. Calculate n(-11).
-39
Let y(q) = -q**2 + q - 47. What is y(5)?
-67
Let q(k) = k**2 - 6*k + 9. Give q(2).
1
Let q(a) = -a**3 + 14*a**2 - 13*a + 1. Determine q(13).
1
Let d(x) = 2*x**2 - 26*x + 64. Determine d(9).
-8
Let r(c) = 6*c + 4. Give r(-2).
-8
Let d(a) = a**3 - 37*a**2 - 35*a - 118. Determine d(38).
-4
Let x(j) = j**2 + 3*j + 3. Determine x(3).
21
Let u(g) = -2*g**2 + 5*g + 34. Determine u(6).
-8
Let u(b) = 2*b**2 + 8*b + 3. What is u(-6)?
27
Let w(y) = y**2 - y - 20. Give w(-5).
10
Let c(q) = 2*q**2 + 24*q - 110. Calculate c(4).
18
Let u(x) = 43*x - 470. What is u(11)?
3
Let o(t) = 8*t + 4. Determine o(4).
36
Let z(c) = -c - 22. What is z(-22)?
0
Let l(w) = -11*w - 7. Give l(-5).
48
Let a(g) = g**2 + 2*g - 2. Determine a(-6).
22
Let v(h) = -h**3 - 20*h**2 - 20*h - 18. Determine v(-19).
1
Let r(g) = -g**2 + 8*g + 2. Determine r(9).
-7
Let l(f) = -f**3 - 3*f**2 + 2*f - 2. What is l(-3)?
-8
Let f(m) = -m + 20. Determine f(17).
3
Let c(r) = r**3 + 10*r**2 + 48*r + 102. Calculate c(-4).
6
Let l(i) = -2*i**3 - 9*i**2 + 6*i + 12. Calculate l(-5).
7
Let s(h) = 48*h - 95. Give s(2).
1
Let f(q) = -q**3 - 4*q**2 + 13*q + 45. What is f(-4)?
-7
Let m(n) = 5*n**3 - n**2 + 4*n - 3. Calculate m(2).
41
Let y(k) = -k**3 - k**2 - 4*k + 1. Give y(0).
1
Let j(m) = -8*m**2 - 22*m + 25. Give j(1).
-5
Let z(y) = y**3 + 5*y**2 - 4*y - 20. Calculate z(-3).
10
Let t(r) = -r**3 - 7*r**2 - 4*r + 14. Give t(-6).
2
Let t(x) = -66*x + 591. Calculate t(9).
-3
Let n(p) = p**2 - 2*p - 2. Determine n(3).
1
Let f(z) = z**2 - 11*z + 24. Calculate f(5).
-6
Let i(z) = -2*z + 2. Determine i(3).
-4
Let a(c) = 3*c**3 + c**2 + c + 4. What is a(-2)?
-18
Let r(y) = 4*y - 14. Determine r(12).
34
Let k(x) = 45*x**2 + 226*x + 1. Calculate k(-5).
-4
Let p(z) = 6*z**2 - 15*z + 5. Give p(3).
14
Let v(s) = -108*s**3 + s**2 - s - 1. Give v(-1).
109
Let f(a) = 32*a**2 + 350*a - 18. Determine f(-11).
4
Let m(t) = 31*t + 23. Determine m(-1).
-8
Let m(p) = -3*p + 1. Calculate m(-7).
22
Let j(w) = 2*w**2 + 11*w + 16. Determine j(-7).
37
Let n(u) = -u**3 - 23*u**2 + 26*u + 46. Determine n(-24).
-2
Let x(h) = -3*h**2 - 8*h + 20. Give x(2).
-8
Let m(p) = -p**3 + 8*p**2 - 4*p + 6. Determine m(5).
61
Let u(a) = -a**2 - 46*a - 174. Determine u(-42).
-6
Let r(q) = -q**3 - 9*q**2 - 14*q + 4. Calculate r(-7).
4
Let f(d) = 4*d**2 - 25*d - 3. What is f(6)?
-9
Let f(c) = -c**2 + 10*c + 16. Calculate f(11).
5
Let u(o) = -43*o**3 - o**2 - 4*o - 4. Give u(-1).
42
Let d(z) = -z**3 - 13*z**2 - 14*z - 13. Calculate d(-12).
11
Let p(j) = -3*j**2 + 20*j - 28. Calculate p(7).
-35
Let r(i) = -59*i - 526. What is r(-9)?
5
Let x(h) = 13*h - 320. Calculate x(26).
18
Let b(u) = u**3 - 25*u**2 - 23*u - 75. Calculate b(26).
3
Let i(t) = 4*t + 14. Determine i(-9).
-22
Let u(z) = -2*z**2 + 4*z - 1. Calculate u(5).
-31
Let j(t) = 2*t**2 - 25*t - 21. What is j(13)?
-8
Let u(l) = -l**3 - 14*l**2 - 17*l + 10. What is u(-13)?
62
Let x(f) = 27*f**2 - 2*f + 2. Determine x(1).
27
Let o(c) = 6*c - 17. Give o(-4).
-41
Let x(y) = y**2 - 1. What is x(-1)?
0
Let h(u) = u + 40. Determine h(0).
40
Let m(c) = 7*c + 30. Determine m(-5).
-5
Let o(w) = -23*w**3 + w**2 - 1. Calculate o(-1).
23
Let c(j) = -j**2 + 14*j - 10. Give c(13).
3
Let i(o) = -6*o + 265. What is i(47)?
-17
Let r(m) = 2*m**3 - 21*m**2 + 29*m + 12. What is r(9)?
30
Let s(u) = -60*u + 27. Determine s(-1).
87
Let q(a) = -5*a**3 - a**2 - 3*a + 3. What is q(1)?
-6
Let b(o) = 25*o - 1. Calculate b(3).
74
Let x(r) = 5*r + 38. Calculate x(-6).
8
Let u(q) = -2*q + 5. Calculate u(7).
-9
Let p(r) = -r**2 - 5*r + 3. Give p(-4).
7
Let q(a) = 10*a - 107. What is q(12)?
13
Let n(z) = 7*z + 14. Calculate n(-3).
-7
Let w(g) = 4*g + 13. Calculate w(0).
13
Let v(s) = 2*s**2 - 2*s + 1. Give v(5).
41
Let a(r) = 3*r**2 - 3*r - 14. Determine a(-3).
22
Let m(h) = h**2 - h + 5. What is m(6)?
35
Let q(t) = -2*t**2 - 3*t + 3. Calculate q(2).
-11
Let t(d) = d**2 + 12*d + 3. Calculate t(-12).
3
Let y(b) = b**3 + 10*b**2 + 8*b + 7. Determine y(-7).
98
Let o(a) = -6*a - 72. What is o(-12)?
0
Let h(z) = -15*z - 9. Calculate h(-2).
21
Let t(a) = 2*a**2 + a - 1. Give t(2).
9
Let m(k) = 2*k + 64. What is m(-16)?
32
Let b(k) = 16*k**2 + 81*k + 4. Calculate b(-5).
-1
Let y(n) = n**3 + 2*n**2 + n + 7. Calculate y(0).
7
Let a(x) = -x**2 - 17*x + 24. Calculate a(-17).
24
Let n(u) = u**3 - 26*u**2 + 6*u - 161. Determine n(26).
-5
Let a(b) = 10*b - 9. Determine a(4).
31
Let f(s) = 7*s**3 + 5*s**2 + 9*s + 4. Determine f(-1).
-7
Let z(d) = -d**3 + 10*d**2 - d + 12. Determine z(10).
2
Let g(u) = 8*u**2 - u - 5. Determine g(3).
64
Let p(s) = -s**3 - 8*s**2 - 8*s - 14. What is p(-7)?
-7
Let l(x) = -x**2 - 11*x - 3. Give l(-6).
27
Let o(h) = h**3 + 6*h**2 - 14*h - 9. Give o(-7).
40
Let f(g) = 8*g**2 + 68*g + 78. What is f(-7)?
-6
Let a(q) = -80*q**2 + 4*q - 3. Give a(1).
-79
Let a(k) = -5*k**2 + 25*k - 23. Determine a(4).
-3
Let s(n) = -n**3 + 4*n**2 + 30*n - 14. Determine s(-4).
-6
Let h(d) = d**2 + 8*d - 18. Calculate h(-11).
15
Let d(q) = -2*q**3 - 3*q**2 - 3*q - 3. Calculate d(-2).
7
Let v(y) = -8*y**3 - y**2 - y + 